 -1 - (-1)/((-2)/f).
3
Suppose -5*t - 84 + 374 = 0. List the prime factors of t.
2, 29
Suppose 5*i = -2*b + 193, -3*i - 5 = 10. What are the prime factors of b?
109
Let f(v) = 2*v**3 + 4*v**2 - 9*v + 16. List the prime factors of f(5).
3, 107
Suppose -4*v - v - 10 = 0. Let u = 1 + v. List the prime factors of (-1 + u)/((-4)/22).
11
Suppose 2*r + r + 3*h = 129, -4*r = -4*h - 196. What are the prime factors of r?
2, 23
Let z = -10 - -16. Let a(p) = p**3 - 5*p**2 - 7*p + 3. Let d be a(z). List the prime factors of (d/(-2) + -2)*-20.
2, 5
Let k(s) = -s**2 + 3*s + 4. Let o be k(4). Let f be (1/(-2))/((-1)/(-4)). Let b = o - f. What are the prime factors of b?
2
Suppose -2*r + 4*r + 10 = d, -4*d = -r - 19. Let w be (-2)/(r/33*1). Suppose -4*y - 5*o = -48, 5*y + 3*o = 3*y + w. List the prime factors of y.
17
Let i be 1 - -2 - 2 - 1. Let a = 2 + i. Suppose 0 = -3*r - a*r + 55. List the prime factors of r.
11
Let t = 6 + 13. List the prime factors of t.
19
Let m = 88 - 2. List the prime factors of m.
2, 43
Let i be 1 - 1*(-2 - -1). Let x be (0 - i)*(-63)/(-6). Let j = x - -30. What are the prime factors of j?
3
Let k(v) = -1 - 1 + 6*v**2 + v + 0*v + 0*v**2. List the prime factors of k(-2).
2, 5
Let o be 310/8 - (-2)/8. Suppose 3*f + o = 5*x, -4*x - 21 = -7*x + f. Let q = x - 1. What are the prime factors of q?
5
Let j = -1 + 5. Suppose 3*l - 1 = -m, -11 - 5 = -3*m + j*l. Let z = m - -4. What are the prime factors of z?
2
Suppose -5*d = -4*d - 3. Suppose 8*g = d*g + 175. Suppose 0 = -4*s - s + g. What are the prime factors of s?
7
Let j be 2 - 2 - (-10 - -5). Suppose 10 + 0 = j*y. What are the prime factors of y?
2
Suppose -5*r + 36 = -49. What are the prime factors of r?
17
Suppose -4*p - 26 = 3*u, -3*p + 0*u - 5*u = 25. Let v(j) = j**2 - 8*j + 5. Let h be v(7). Let t = h - p. What are the prime factors of t?
3
Let b = 7 - 2. Let a(y) = -y**3 + 5*y**2 + 8*y - 4. Let j be a(b). Suppose 3*l - j = -0*l. List the prime factors of l.
2, 3
Suppose a + 3*m = -11, -a - 4*m = 3*a + 20. Let y = a - -7. Suppose 0 = 5*s, -18 = -y*c + s + 22. What are the prime factors of c?
2
Let c(w) = w**2 - w + 1. Let t(l) = -2*l**2 - 5*l - 4. Suppose -6*r - 5 = -r. Let q(f) = r*t(f) - c(f). What are the prime factors of q(-7)?
2, 5
Let b = 244 + -109. List the prime factors of b.
3, 5
Suppose 89 = 5*z + 14. What are the prime factors of z?
3, 5
Let z = 4 + -2. Let r be (5 + 0)*z/2. Let l(w) = -w**3 + 6*w**2 - 4*w - 1. List the prime factors of l(r).
2
Let u(l) = -5*l**2 + 12*l - 1. Let q(g) = -14*g**2 + 35*g - 2. Let w(y) = -6*q(y) + 17*u(y). Let j be w(-8). Let a = j - -35. What are the prime factors of a?
2, 7
Let m = -33 + 58. Suppose -z - 8 = -m. List the prime factors of z.
17
Let g = 468 + -282. What are the prime factors of g?
2, 3, 31
Suppose -u = -4*p - 7 - 0, 3*p - 9 = -4*u. Let n(i) = 2*i - 4. List the prime factors of n(u).
2
Suppose 0*d - 4*d = 5*f - 725, 6 = -2*f. Suppose 5*u + d = 2*t + 3*t, -3*t - 3*u = -129. What are the prime factors of t?
2, 5
Let w(l) = -18*l - 2 + 3 + 20*l. What are the prime factors of w(6)?
13
Let k(p) = -p**2 - 5*p + 4. Let m be k(-5). Suppose -y = -m*y. Suppose 5 = u - y*u. What are the prime factors of u?
5
Let t be 6/9*(-1 - -7). Suppose 0 = t*i + 3*x - 2*x - 134, -5*i = 2*x - 169. What are the prime factors of i?
3, 11
Let q(w) be the first derivative of w**4/6 + w**3 - 7*w**2/2 + 4*w + 1. Let i(v) be the first derivative of q(v). What are the prime factors of i(-5)?
13
Let n(b) = b**3 - 9*b**2 - 9*b + 12. Let y be n(10). What are the prime factors of 2/3 + y/3?
2
Let k = -9 - -12. List the prime factors of 1 - 25*k/(-3).
2, 13
Suppose 4*g - p - 735 = -6*p, 765 = 4*g - p. Suppose -4*x = 5*b - 3*x - 170, 0 = 5*b - 3*x - g. List the prime factors of b.
5, 7
Suppose -6*n = -2*n - 68. Suppose -4*h = -2*h + 4, 0 = 3*v - h - n. What are the prime factors of v?
5
Suppose f + 247 = 4*t, 3*f = -2*t + 54 + 73. What are the prime factors of t?
2, 31
Let p = 78 + -51. Suppose 3*z + 0*z - p = 0. List the prime factors of z.
3
Let g(p) = 2*p**2 - 4*p + 2. Suppose 3*a - 48 = -j, 2*a + 2*j = -20 + 56. Suppose 0*m - a = -5*m. List the prime factors of g(m).
2
Suppose 0 = y - 1 - 3. Suppose 0 = y*v + 6 - 38. List the prime factors of v.
2
Let v(n) = n**2 + 4*n**2 - 3*n**2 - 2 + 0. Let o be v(2). Let s = -4 + o. What are the prime factors of s?
2
Suppose r = g + 7, r = 2*g + 7 + 2. Let f be (-54)/(-24) - g/(-8). Suppose 15 = f*c - 5. What are the prime factors of c?
2, 5
Let l = -188 - -293. List the prime factors of l.
3, 5, 7
Let d = 33 + -7. List the prime factors of d.
2, 13
Let g be (-1470)/(-22) - (-12)/66. List the prime factors of g/6 + (-5)/30.
11
What are the prime factors of (-1 + (-21)/(-4))/((-22)/(-264))?
3, 17
What are the prime factors of 4/2*(-1 + 12)?
2, 11
Let i(l) be the first derivative of -l**3/3 - 3*l**2 + 2*l - 1. Let o(v) = v**3 + 3*v**2 + 2*v. Let m be o(-3). List the prime factors of i(m).
2
Suppose -5*j + o + 125 = 0, -4*j + 2*o + 3*o = -100. Suppose -4*q + q + j = -2*b, -4 = -4*b. List the prime factors of q.
3
Suppose i = -i + 6. Suppose 4*k + 3*w = 36, -i*w + 12 = -0*k + 2*k. What are the prime factors of k?
2, 3
Suppose 0 = -m + 129 - 50. Suppose -5*j + 1 = -m. Let q = -7 + j. What are the prime factors of q?
3
Let v(g) = g**2 + 2*g - 2. Suppose -4*b = 3 + 9. Let f be v(b). List the prime factors of 1/f - -2 - -1.
2
Let t(j) = 3*j**2 - 33*j + 9. Let m(s) = 2*s**2 - 22*s + 6. Let r(p) = 7*m(p) - 5*t(p). What are the prime factors of r(10)?
7
What are the prime factors of (8/(-3))/((-2)/45)?
2, 3, 5
Let n(y) be the second derivative of 9*y**3/2 - y**2/2 - 5*y. List the prime factors of n(1).
2, 13
Let o = 177 + -117. List the prime factors of o.
2, 3, 5
Let d(u) be the first derivative of -u**4/12 - 7*u**3/6 + u**2/2 - 4. Let k(v) be the second derivative of d(v). List the prime factors of k(-7).
7
Let t(m) = -6*m - 4. Suppose 3*n - 4 = 4*n. Let d be t(n). Suppose 3*w = -w + d. What are the prime factors of w?
5
Let v(j) = -j**2 + 6*j - 2. Let k be v(6). Let q = 1 - k. What are the prime factors of q?
3
Let z(i) = -i**3 + i**2 + 2*i + 2. Let c be z(-2). Suppose -19 = -5*m - 4*k, 2*m + 4*k = -0*m + c. What are the prime factors of m?
3
Suppose -2*f = -46 - 8. List the prime factors of f.
3
Let o(t) = 70*t - 1. What are the prime factors of o(1)?
3, 23
Let p(z) = 20*z + 2*z**2 - z**2 - 24*z + 15. What are the prime factors of p(6)?
3
Let c(m) = -m**2 - 5*m + 2. Let y be c(-4). Let v be 2*((-3)/(-6) - -1). List the prime factors of (-4)/y - (-20)/v.
2, 3
Let h be 1 + 6 + (0 - 2). Suppose -5*q - k = -136, 0*k + 140 = h*q + 5*k. What are the prime factors of q?
3
Let z = -1 - -3. Suppose 8 = z*d + 32. Let x = -2 - d. What are the prime factors of x?
2, 5
List the prime factors of (-5 + 11)*(-10)/(-6).
2, 5
Suppose 3*w + 2 = 8. Suppose 7*g = w*k + 2*g - 17, 5*g + 38 = 3*k. What are the prime factors of k?
3, 7
Suppose -4 = -l + 4*j + 2, -4*l = 4*j - 84. Suppose 0 = -3*i - 0*i + l. List the prime factors of i.
2, 3
Let k = 3 - -77. List the prime factors of k.
2, 5
Let p = 5 - 2. Let u be p*1/(-3)*-22. What are the prime factors of 6/(u/8 - 2)?
2
Let c = 23 - 24. What are the prime factors of (5 + -4)/(c/(-50))?
2, 5
List the prime factors of -2*2*952/(-16).
2, 7, 17
Let p = -4 + 28. What are the prime factors of p?
2, 3
Suppose -2*b - b = 0. Suppose b*t - 15 = -t. What are the prime factors of t?
3, 5
Let r(m) = 114*m**3 - 5*m**2 - 5*m - 4. Let p(k) = k**3 - k**2 - k - 1. Let b(o) = -5*p(o) + r(o). Let i be b(1). What are the prime factors of 4/14 - i/(-7)?
2
Let i = 173 + -48. What are the prime factors of i?
5
List the prime factors of (5 + 139/4)*8.
2, 3, 53
Suppose -2*u = a, 4*a - a + 4*u = 2. Suppose -a*l - 95 = -7*l. Let j = l + -7. List the prime factors of j.
2, 3
Let p = 3 - -59. List the prime factors of p.
2, 31
Let u = 5 + -9. Let h be (-12)/9*30/u. Let y = h - -2. What are the prime factors of y?
2, 3
Let j(r) = -r**2 - 1. Let n(y) = y**3 - 2*y. Let q(c) = -j(c) + n(c). What are the prime factors of q(2)?
3
Let g be 2/(-6)*8*-3. Let d = -2 + g. Suppose d + 1 = m. What are the prime factors of m?
7
What are the prime factors of 210/4*2/3?
5, 7
What are the prime factors of 229*(19/38)/(2/4)?
229
Suppose s + 0 =